{"id":13,"date":"2016-10-24T16:49:29","date_gmt":"2016-10-24T16:49:29","guid":{"rendered":"http:\/\/cspcervaes.pt\/?page_id=13"},"modified":"2018-03-08T17:24:20","modified_gmt":"2018-03-08T17:24:20","slug":"valencias","status":"publish","type":"page","link":"https:\/\/cspcervaes.pt\/?page_id=13","title":{"rendered":"Val\u00eancias"},"content":{"rendered":"<p>O Centro Social Paroquial de Cerv\u00e3es desenvolve a sua atividade atrav\u00e9s das suas val\u00eancias, para as quais tem acordos de coopera\u00e7\u00e3o com a seguran\u00e7a social, sendo elas na \u00e1rea da inf\u00e2ncia a Creche e o Centro de Atividades de Tempos Livres, e na \u00e1rea dos idosos o servi\u00e7o de apoio domicili\u00e1rio.<br \/>\nA acrescentar a estes servi\u00e7os, o Centro Social tem uma parceria com a junta de freguesia fornecendo as refei\u00e7\u00f5es ao jardim de inf\u00e2ncia e primeiro ciclo e ainda fazendo o prolongamento do jardim de inf\u00e2ncia at\u00e9 \u00e0s 19h.<\/p>\n","protected":false},"excerpt":{"rendered":"<p>O Centro Social Paroquial de Cerv\u00e3es desenvolve a sua atividade atrav\u00e9s das suas val\u00eancias, para as quais tem acordos de coopera\u00e7\u00e3o com a seguran\u00e7a social, sendo elas na \u00e1rea da inf\u00e2ncia a Creche e o Centro de Atividades de Tempos Livres, e na \u00e1rea dos idosos o servi\u00e7o de apoio domicili\u00e1rio. A acrescentar a estes [&hellip;]<\/p>\n","protected":false},"author":1,"featured_media":0,"parent":0,"menu_order":0,"comment_status":"closed","ping_status":"closed","template":"","meta":{"footnotes":""},"_links":{"self":[{"href":"https:\/\/cspcervaes.pt\/index.php?rest_route=\/wp\/v2\/pages\/13"}],"collection":[{"href":"https:\/\/cspcervaes.pt\/index.php?rest_route=\/wp\/v2\/pages"}],"about":[{"href":"https:\/\/cspcervaes.pt\/index.php?rest_route=\/wp\/v2\/types\/page"}],"author":[{"embeddable":true,"href":"https:\/\/cspcervaes.pt\/index.php?rest_route=\/wp\/v2\/users\/1"}],"replies":[{"embeddable":true,"href":"https:\/\/cspcervaes.pt\/index.php?rest_route=%2Fwp%2Fv2%2Fcomments&post=13"}],"version-history":[{"count":2,"href":"https:\/\/cspcervaes.pt\/index.php?rest_route=\/wp\/v2\/pages\/13\/revisions"}],"predecessor-version":[{"id":86,"href":"https:\/\/cspcervaes.pt\/index.php?rest_route=\/wp\/v2\/pages\/13\/revisions\/86"}],"wp:attachment":[{"href":"https:\/\/cspcervaes.pt\/index.php?rest_route=%2Fwp%2Fv2%2Fmedia&parent=13"}],"curies":[{"name":"wp","href":"https:\/\/api.w.org\/{rel}","templated":true}]}}

Valências

<p>O Centro Social Paroquial de Cervães desenvolve a sua atividade através das suas valências, para as quais tem acordos de cooperação com a segurança social, sendo elas na área da infância a Creche e o Centro de Atividades de Tempos Livres, e na área dos idosos o serviço de apoio domiciliário.<br />
A acrescentar a estes serviços, o Centro Social tem uma parceria com a junta de freguesia fornecendo as refeições ao jardim de infância e primeiro ciclo e ainda fazendo o prolongamento do jardim de infância até às 19h.</p>

<p>O Centro Social Paroquial de Cervães desenvolve a sua atividade através das suas valências, para as quais tem acordos de cooperação com a segurança social, sendo elas na área da infância a Creche e o Centro de Atividades de Tempos Livres, e na área dos idosos o serviço de apoio domiciliário. A acrescentar a estes [&hellip;]</p>
