{"id":15,"date":"2016-10-24T16:49:44","date_gmt":"2016-10-24T16:49:44","guid":{"rendered":"http:\/\/cspcervaes.pt\/?page_id=15"},"modified":"2023-03-09T11:07:45","modified_gmt":"2023-03-09T11:07:45","slug":"catl","status":"publish","type":"page","link":"https:\/\/cspcervaes.pt\/?page_id=15","title":{"rendered":"CATL"},"content":{"rendered":"<div id=\"pl-15\"  class=\"panel-layout\" ><div id=\"pg-15-0\"  class=\"panel-grid panel-no-style\" ><div id=\"pgc-15-0-0\"  class=\"panel-grid-cell\" ><div id=\"panel-15-0-0-0\" class=\"so-panel widget widget_sow-image panel-first-child panel-last-child\" data-index=\"0\" ><div\n\t\t\t\n\t\t\tclass=\"so-widget-sow-image so-widget-sow-image-default-8b5b6f678277-15\"\n\t\t\t\n\t\t>\n<div class=\"sow-image-container\">\n\t\t<img \n\tsrc=\"https:\/\/cspcervaes.pt\/wp-content\/uploads\/2016\/10\/CATL.jpg\" width=\"300\" height=\"1500\" srcset=\"https:\/\/cspcervaes.pt\/wp-content\/uploads\/2016\/10\/CATL.jpg 300w, https:\/\/cspcervaes.pt\/wp-content\/uploads\/2016\/10\/CATL-60x300.jpg 60w, https:\/\/cspcervaes.pt\/wp-content\/uploads\/2016\/10\/CATL-205x1024.jpg 205w\" sizes=\"(max-width: 300px) 100vw, 300px\" alt=\"\" \t\tclass=\"so-widget-image\"\/>\n\t<\/div>\n\n<\/div><\/div><\/div><div id=\"pgc-15-0-1\"  class=\"panel-grid-cell\" ><div id=\"panel-15-0-1-0\" class=\"so-panel widget widget_sow-editor panel-first-child panel-last-child\" data-index=\"1\" ><div\n\t\t\t\n\t\t\tclass=\"so-widget-sow-editor so-widget-sow-editor-base\"\n\t\t\t\n\t\t>\n<div class=\"siteorigin-widget-tinymce textwidget\">\n\t<div style=\"text-align: justify;\">O CATL (<strong>Centro de Atividades e Tempos Livres<\/strong>), foi a primeira val\u00eancia criada pelo Centro Social Paroquial de Cerv\u00e3es, estando inicialmente instalada na casa paroquial. Procurando promover o desenvolvimento integral das crian\u00e7as, esta val\u00eancia tem como objetivo propiciar atividades no \u00e2mbito da anima\u00e7\u00e3o s\u00f3cio-cultural a crian\u00e7as entre os seis e os doze anos, tendo para tal um acordo para 28 utentes na modalidade extens\u00e3o de hor\u00e1rio sem almo\u00e7o.<\/div>\n<div style=\"text-align: justify;\">Garante ent\u00e3o o acompanhamento das crian\u00e7as das 7.30-9.00 e das 17.30-19.00, no espa\u00e7o escolar de modo a garantir a seguran\u00e7a e bem estar das crian\u00e7as.<\/div>\n<div style=\"text-align: justify;\">No per\u00edodo de f\u00e9rias trabalha em hor\u00e1rio continuo.<\/div>\n<div style=\"text-align: justify;\">O Centro Social e Paroquial de Cerv\u00e3es tem protocolo como Munic\u00edpio de Vila Verde, sendo respons\u00e1vel pelo fornecimento das refei\u00e7\u00f5es do Jardim de Inf\u00e2ncia e 1\u00ba ciclo, acompanhando ainda as crian\u00e7as nesse per\u00edodo.<\/div>\n<div style=\"text-align: justify;\">Das 15.30 \u00e0s 19.00 \u00e9 tamb\u00e9m respons\u00e1vel pelo acompanhamento das crian\u00e7as do Jardim de Inf\u00e2ncia at\u00e9 \u00e0s 19.00.<\/div>\n<p><span style=\"color: #ffcc00;\"><strong>Servi\u00e7os e atividades:<\/strong><\/span><\/p>\n<p><em>- Servi\u00e7o de refei\u00e7\u00e3o<\/em><br \/>\n<em>- Atividades l\u00fadico-pedag\u00f3gicas<\/em><br \/>\n<em> - Atividades de estimula\u00e7\u00e3o sensorial<\/em><br \/>\n<em> - Apoio nos trabalhos escolares<\/em><br \/>\n<em> - Passeios e visitas de estudo<\/em><br \/>\n<em> - Col\u00f3nia balnear<\/em><\/p>\n<p>&nbsp;<\/p>\n<p>&nbsp;<\/p>\n<\/div>\n<\/div><\/div><\/div><\/div><\/div>","protected":false},"excerpt":{"rendered":"<p>O CATL (Centro de Atividades e Tempos Livres), foi a primeira val\u00eancia criada pelo Centro Social Paroquial de Cerv\u00e3es, estando inicialmente instalada na casa paroquial. Procurando promover o desenvolvimento integral das crian\u00e7as, esta val\u00eancia tem como objetivo propiciar atividades no \u00e2mbito da anima\u00e7\u00e3o s\u00f3cio-cultural a crian\u00e7as entre os seis e os doze anos, tendo para [&hellip;]<\/p>\n","protected":false},"author":1,"featured_media":0,"parent":0,"menu_order":0,"comment_status":"closed","ping_status":"closed","template":"template-fullwidth.php","meta":{"footnotes":""},"_links":{"self":[{"href":"https:\/\/cspcervaes.pt\/index.php?rest_route=\/wp\/v2\/pages\/15"}],"collection":[{"href":"https:\/\/cspcervaes.pt\/index.php?rest_route=\/wp\/v2\/pages"}],"about":[{"href":"https:\/\/cspcervaes.pt\/index.php?rest_route=\/wp\/v2\/types\/page"}],"author":[{"embeddable":true,"href":"https:\/\/cspcervaes.pt\/index.php?rest_route=\/wp\/v2\/users\/1"}],"replies":[{"embeddable":true,"href":"https:\/\/cspcervaes.pt\/index.php?rest_route=%2Fwp%2Fv2%2Fcomments&post=15"}],"version-history":[{"count":21,"href":"https:\/\/cspcervaes.pt\/index.php?rest_route=\/wp\/v2\/pages\/15\/revisions"}],"predecessor-version":[{"id":300,"href":"https:\/\/cspcervaes.pt\/index.php?rest_route=\/wp\/v2\/pages\/15\/revisions\/300"}],"wp:attachment":[{"href":"https:\/\/cspcervaes.pt\/index.php?rest_route=%2Fwp%2Fv2%2Fmedia&parent=15"}],"curies":[{"name":"wp","href":"https:\/\/api.w.org\/{rel}","templated":true}]}}

<div id="pl-15"  class="panel-layout" ><div id="pg-15-0"  class="panel-grid panel-no-style" ><div id="pgc-15-0-0"  class="panel-grid-cell" ><div id="panel-15-0-0-0" class="so-panel widget widget_sow-image panel-first-child panel-last-child" data-index="0" ><div
			
			class="so-widget-sow-image so-widget-sow-image-default-8b5b6f678277-15"
			
		>
<div class="sow-image-container">
		<img 
	src="https://cspcervaes.pt/wp-content/uploads/2016/10/CATL.jpg" width="300" height="1500" srcset="https://cspcervaes.pt/wp-content/uploads/2016/10/CATL.jpg 300w, https://cspcervaes.pt/wp-content/uploads/2016/10/CATL-60x300.jpg 60w, https://cspcervaes.pt/wp-content/uploads/2016/10/CATL-205x1024.jpg 205w" sizes="(max-width: 300px) 100vw, 300px" alt="" 		class="so-widget-image"/>
	</div>

</div></div></div><div id="pgc-15-0-1"  class="panel-grid-cell" ><div id="panel-15-0-1-0" class="so-panel widget widget_sow-editor panel-first-child panel-last-child" data-index="1" ><div
			
			class="so-widget-sow-editor so-widget-sow-editor-base"
			
		>
<div class="siteorigin-widget-tinymce textwidget">
	<div style="text-align: justify;">O CATL (<strong>Centro de Atividades e Tempos Livres</strong>), foi a primeira valência criada pelo Centro Social Paroquial de Cervães, estando inicialmente instalada na casa paroquial. Procurando promover o desenvolvimento integral das crianças, esta valência tem como objetivo propiciar atividades no âmbito da animação sócio-cultural a crianças entre os seis e os doze anos, tendo para tal um acordo para 28 utentes na modalidade extensão de horário sem almoço.</div>
<div style="text-align: justify;">Garante então o acompanhamento das crianças das 7.30-9.00 e das 17.30-19.00, no espaço escolar de modo a garantir a segurança e bem estar das crianças.</div>
<div style="text-align: justify;">No período de férias trabalha em horário continuo.</div>
<div style="text-align: justify;">O Centro Social e Paroquial de Cervães tem protocolo como Município de Vila Verde, sendo responsável pelo fornecimento das refeições do Jardim de Infância e 1º ciclo, acompanhando ainda as crianças nesse período.</div>
<div style="text-align: justify;">Das 15.30 às 19.00 é também responsável pelo acompanhamento das crianças do Jardim de Infância até às 19.00.</div>
<p><span style="color: #ffcc00;"><strong>Serviços e atividades:</strong></span></p>
<p><em>- Serviço de refeição</em><br />
<em>- Atividades lúdico-pedagógicas</em><br />
<em> - Atividades de estimulação sensorial</em><br />
<em> - Apoio nos trabalhos escolares</em><br />
<em> - Passeios e visitas de estudo</em><br />
<em> - Colónia balnear</em></p>
<p>&nbsp;</p>
<p>&nbsp;</p>
</div>
</div></div></div></div></div>

<p>O CATL (Centro de Atividades e Tempos Livres), foi a primeira valência criada pelo Centro Social Paroquial de Cervães, estando inicialmente instalada na casa paroquial. Procurando promover o desenvolvimento integral das crianças, esta valência tem como objetivo propiciar atividades no âmbito da animação sócio-cultural a crianças entre os seis e os doze anos, tendo para [&hellip;]</p>
