{"id":19,"date":"2016-10-24T16:50:29","date_gmt":"2016-10-24T16:50:29","guid":{"rendered":"http:\/\/cspcervaes.pt\/?page_id=19"},"modified":"2023-03-09T10:12:54","modified_gmt":"2023-03-09T10:12:54","slug":"creche","status":"publish","type":"page","link":"https:\/\/cspcervaes.pt\/?page_id=19","title":{"rendered":"Creche"},"content":{"rendered":"<div id=\"pl-19\"  class=\"panel-layout\" ><div id=\"pg-19-0\"  class=\"panel-grid panel-no-style\" ><div id=\"pgc-19-0-0\"  class=\"panel-grid-cell\" ><div id=\"panel-19-0-0-0\" class=\"so-panel widget widget_sow-image panel-first-child panel-last-child\" data-index=\"0\" ><div\n\t\t\t\n\t\t\tclass=\"so-widget-sow-image so-widget-sow-image-default-8b5b6f678277-19\"\n\t\t\t\n\t\t>\n<div class=\"sow-image-container\">\n\t\t<img \n\tsrc=\"https:\/\/cspcervaes.pt\/wp-content\/uploads\/2016\/10\/CRECHE.jpg\" width=\"300\" height=\"1500\" srcset=\"https:\/\/cspcervaes.pt\/wp-content\/uploads\/2016\/10\/CRECHE.jpg 300w, https:\/\/cspcervaes.pt\/wp-content\/uploads\/2016\/10\/CRECHE-60x300.jpg 60w, https:\/\/cspcervaes.pt\/wp-content\/uploads\/2016\/10\/CRECHE-205x1024.jpg 205w\" sizes=\"(max-width: 300px) 100vw, 300px\" alt=\"\" \t\tclass=\"so-widget-image\"\/>\n\t<\/div>\n\n<\/div><\/div><\/div><div id=\"pgc-19-0-1\"  class=\"panel-grid-cell\" ><div id=\"panel-19-0-1-0\" class=\"so-panel widget widget_sow-editor panel-first-child panel-last-child\" data-index=\"1\" ><div\n\t\t\t\n\t\t\tclass=\"so-widget-sow-editor so-widget-sow-editor-base\"\n\t\t\t\n\t\t>\n<div class=\"siteorigin-widget-tinymce textwidget\">\n\t<p>A Creche \u00e9 a resposta social que procura responder \u00e0 problem\u00e1tica da primeira inf\u00e2ncia, prestando servi\u00e7os e desenvolvendo atividades de apoio s\u00f3cio-educativo no sentido de promover o desenvolvimento integral e harmonioso das crian\u00e7as, num clima de seguran\u00e7a afetiva e f\u00edsica.<br \/>\nA creche tem capacidade total de 42 crian\u00e7as, distribu\u00eddas pelas seguintes salas:<br \/>\n10 crian\u00e7as no ber\u00e7\u00e1rio;<br \/>\n14 crian\u00e7as na sala dos 1-2 anos;<br \/>\n18 crian\u00e7as na sala dos 2-3 anos.<\/p>\n<p>Servi\u00e7os\u00a0e Atividades<br \/>\nPresta\u00e7\u00e3o de cuidados de higiene, conforto\u00a0e cuidados nutricionais adequados \u00e0 idade da crian\u00e7a<br \/>\nAtividades l\u00fadico-pedag\u00f3gicas<br \/>\nAtividades de estimula\u00e7\u00e3o sensorial<br \/>\nDespiste de qualquer inadapta\u00e7\u00e3o ou defici\u00eancia e respetivo\u00a0encaminhamento<br \/>\nSess\u00f5es de Interven\u00e7\u00e3o Precoce (Equipa Local de Interven\u00e7\u00e3o, ELI)<br \/>\nPasseios, visitas de estudo e atividades balneares<\/p>\n<p><a href=\"https:\/\/www.dropbox.com\/home\/PUBLIC?preview=RI+creche+2017.pdf\">Regulamento Interno Creche<\/a><\/p>\n<p><a href=\"https:\/\/www.dropbox.com\/home\/PUBLIC?preview=Plano+de+Actividades+-+Creche+2016+2017.pdf\">Plano Anual de Atividades Creche<\/a><\/p>\n<\/div>\n<\/div><\/div><\/div><\/div><\/div>","protected":false},"excerpt":{"rendered":"<p>A Creche \u00e9 a resposta social que procura responder \u00e0 problem\u00e1tica da primeira inf\u00e2ncia, prestando servi\u00e7os e desenvolvendo atividades de apoio s\u00f3cio-educativo no sentido de promover o desenvolvimento integral e harmonioso das crian\u00e7as, num clima de seguran\u00e7a afetiva e f\u00edsica. A creche tem capacidade total de 42 crian\u00e7as, distribu\u00eddas pelas seguintes salas: 10 crian\u00e7as no [&hellip;]<\/p>\n","protected":false},"author":1,"featured_media":0,"parent":0,"menu_order":0,"comment_status":"closed","ping_status":"closed","template":"template-fullwidth.php","meta":{"footnotes":""},"_links":{"self":[{"href":"https:\/\/cspcervaes.pt\/index.php?rest_route=\/wp\/v2\/pages\/19"}],"collection":[{"href":"https:\/\/cspcervaes.pt\/index.php?rest_route=\/wp\/v2\/pages"}],"about":[{"href":"https:\/\/cspcervaes.pt\/index.php?rest_route=\/wp\/v2\/types\/page"}],"author":[{"embeddable":true,"href":"https:\/\/cspcervaes.pt\/index.php?rest_route=\/wp\/v2\/users\/1"}],"replies":[{"embeddable":true,"href":"https:\/\/cspcervaes.pt\/index.php?rest_route=%2Fwp%2Fv2%2Fcomments&post=19"}],"version-history":[{"count":15,"href":"https:\/\/cspcervaes.pt\/index.php?rest_route=\/wp\/v2\/pages\/19\/revisions"}],"predecessor-version":[{"id":298,"href":"https:\/\/cspcervaes.pt\/index.php?rest_route=\/wp\/v2\/pages\/19\/revisions\/298"}],"wp:attachment":[{"href":"https:\/\/cspcervaes.pt\/index.php?rest_route=%2Fwp%2Fv2%2Fmedia&parent=19"}],"curies":[{"name":"wp","href":"https:\/\/api.w.org\/{rel}","templated":true}]}}

<div id="pl-19"  class="panel-layout" ><div id="pg-19-0"  class="panel-grid panel-no-style" ><div id="pgc-19-0-0"  class="panel-grid-cell" ><div id="panel-19-0-0-0" class="so-panel widget widget_sow-image panel-first-child panel-last-child" data-index="0" ><div
			
			class="so-widget-sow-image so-widget-sow-image-default-8b5b6f678277-19"
			
		>
<div class="sow-image-container">
		<img 
	src="https://cspcervaes.pt/wp-content/uploads/2016/10/CRECHE.jpg" width="300" height="1500" srcset="https://cspcervaes.pt/wp-content/uploads/2016/10/CRECHE.jpg 300w, https://cspcervaes.pt/wp-content/uploads/2016/10/CRECHE-60x300.jpg 60w, https://cspcervaes.pt/wp-content/uploads/2016/10/CRECHE-205x1024.jpg 205w" sizes="(max-width: 300px) 100vw, 300px" alt="" 		class="so-widget-image"/>
	</div>

</div></div></div><div id="pgc-19-0-1"  class="panel-grid-cell" ><div id="panel-19-0-1-0" class="so-panel widget widget_sow-editor panel-first-child panel-last-child" data-index="1" ><div
			
			class="so-widget-sow-editor so-widget-sow-editor-base"
			
		>
<div class="siteorigin-widget-tinymce textwidget">
	<p>A Creche é a resposta social que procura responder à problemática da primeira infância, prestando serviços e desenvolvendo atividades de apoio sócio-educativo no sentido de promover o desenvolvimento integral e harmonioso das crianças, num clima de segurança afetiva e física.<br />
A creche tem capacidade total de 42 crianças, distribuídas pelas seguintes salas:<br />
10 crianças no berçário;<br />
14 crianças na sala dos 1-2 anos;<br />
18 crianças na sala dos 2-3 anos.</p>
<p>Serviços e Atividades<br />
Prestação de cuidados de higiene, conforto e cuidados nutricionais adequados à idade da criança<br />
Atividades lúdico-pedagógicas<br />
Atividades de estimulação sensorial<br />
Despiste de qualquer inadaptação ou deficiência e respetivo encaminhamento<br />
Sessões de Intervenção Precoce (Equipa Local de Intervenção, ELI)<br />
Passeios, visitas de estudo e atividades balneares</p>
<p><a href="https://www.dropbox.com/home/PUBLIC?preview=RI+creche+2017.pdf">Regulamento Interno Creche</a></p>
<p><a href="https://www.dropbox.com/home/PUBLIC?preview=Plano+de+Actividades+-+Creche+2016+2017.pdf">Plano Anual de Atividades Creche</a></p>
</div>
</div></div></div></div></div>

<p>A Creche é a resposta social que procura responder à problemática da primeira infância, prestando serviços e desenvolvendo atividades de apoio sócio-educativo no sentido de promover o desenvolvimento integral e harmonioso das crianças, num clima de segurança afetiva e física. A creche tem capacidade total de 42 crianças, distribuídas pelas seguintes salas: 10 crianças no [&hellip;]</p>
